. Let v = -62 + 67. Determine w(v).
-2
Let n be ((-2)/6)/((-5)/(-30)) - 0. Let f be (2 - -3) + 6/n. Let x(p) = p**3 + p**2 - p + 2. What is x(f)?
12
Suppose -30 = -5*x - 4*j, -3*x - 2*j - 3*j + 18 = 0. Let h(u) = -u**2 + 9*u - 5. Give h(x).
13
Let j(l) be the first derivative of l**3/3 - 4*l**2 + 5*l - 611. Suppose v + 15 + 0 = 0. Let p = 21 + v. Give j(p).
-7
Let o(k) = -k**3 - k**2 - 1. Let y(v) = 2*v**3 - v + 2. Let s(x) = -3*o(x) - y(x). Let q = 32 - 34. Determine s(q).
3
Let q = 52 - 117. Let l = 65 + q. Let k(n) = n**3 + n + 8. What is k(l)?
8
Let g(z) = 0*z + 4*z + 1 - 19 - 22 + 19. Give g(6).
3
Let c(a) = -a**2 - 2*a. Let w be c(0). Let v(l) = w*l + 13*l + 1 - 4*l - 10*l. Give v(4).
-3
Let k(j) = 4*j**2 + j - 2. Let z be (-2)/(-7) - (-30)/(-7). Let g(p) = p**3 + 6*p**2 + 7*p - 2. Let r be g(z). What is k(r)?
16
Let g(x) = 12 - 5*x**3 + 25*x**2 + 4*x**3 - 4*x - 16*x**2 + 2*x. Let b be g(9). Let l(f) = -f**3 - 6*f**2 - 4. Give l(b).
-4
Let c(q) be the second derivative of q**3/6 + q**2/2 - 7*q. Let b(u) = 3*u - 8. Let p(g) = -b(g) + 4*c(g). Give p(0).
12
Suppose 0 = 3*r + 3, 0 = 5*h - 5*r + 2 + 8. Let b = h - -9. Let l(m) = m - 10. What is l(b)?
-4
Let f be (-1*(-4)/10)/(88/220). Let a(h) = -19*h + 2. Calculate a(f).
-17
Let v(p) be the second derivative of p**7/2520 - p**6/144 + p**5/60 - p**4 - 11*p. Let y(q) be the third derivative of v(q). Determine y(4).
-2
Let u(a) = 11*a - 1. Let o(s) = -s - 3. Let x(d) = -2*d - 6. Let v(y) = -7*o(y) + 4*x(y). Let t be v(-8). Let f = t - 6. Determine u(f).
-12
Suppose -3*c - i = -5*c + 10, -2*c = 2*i + 2. Let u(m) = m**3 - 3*m**2 - 3*m + 2. Let a be u(c). Let w(j) = 2*j + 3. Calculate w(a).
-11
Let h(y) = -y**3 + 3*y**2 - 2*y + 3. Let c(k) = -2*k**2 + 22*k + 3. Let o(q) = 4*q - 17. Let n be o(7). Let b be c(n). Calculate h(b).
-3
Let d(i) be the first derivative of i**4/2 + 2*i**3/3 - 2*i**2 - 6*i - 123. Determine d(-2).
-6
Let t(v) be the second derivative of -v**3/3 - 25*v**2/2 + 964*v. Give t(-12).
-1
Let y(l) be the first derivative of -l**2 + 14*l - 189. Calculate y(13).
-12
Suppose 0 = -5*s + 1 + 4. Let f(d) = -3*d + 2 - 1 + s - d**2 - 3. Let l be 14/(-4) + (-1)/2. Calculate f(l).
-5
Let v(s) = 2*s + 5. Suppose 0*w + 4*w + 4*g + 52 = 0, 28 = -2*w - 3*g. Let o be w*(1 + -2) + 1. Let p be 4 + o/(-4) - 7. What is v(p)?
-7
Let m(d) = -3*d**2 - 8*d - 4. Let o(a) = -5*a**2 - 15*a - 8. Let c(u) = 7*m(u) - 4*o(u). Suppose -g + 12 = -3*i, 3*i = 3*g - 2*i - 28. Give c(g).
-8
Let y(i) = -i**3 + i**2 - 1. Let h(o) = 21*o**3 - 3*o**2 - o + 5. Let f(r) = -h(r) - 4*y(r). Calculate f(1).
-18
Let i(z) = z**3 - z**2 - 2*z - 1. Let n be i(2). Suppose 3*o + 5*w + 141 = 7*o, -63 = -2*o - 5*w. Let h(q) = -37*q + o*q + 4 - 6 + 3. Calculate h(n).
4
Let f = -22 + 27. Let c(x) = 3 - 7*x - 4*x + f*x + 7*x. Calculate c(5).
8
Let m(w) = -w**2 - 7*w - 7. Let z(g) = -g**2 - 7*g - 6. Suppose 16 = -4*c - p + 2*p, -4*c + 2*p = 20. Let n(a) = c*z(a) + 2*m(a). Give n(-7).
4
Let n(c) = c**3 - 6*c**2 - 6*c - 4. Suppose q + q + 20 = 4*z, z - 2*q + 1 = 0. Let j be n(z). Let s(l) = -j*l + l**3 - 37 + 32 - 4*l**2 - 2*l. Determine s(5).
-5
Let y(i) be the third derivative of 0 + 1/3*i**3 - 11*i**2 - 1/24*i**4 + 0*i. Give y(-4).
6
Let n(m) = m**2 + 7*m + 1. Let h(p) = -2*p**3 + 2*p**2 - 3*p + 8. Let v be h(2). Give n(v).
-5
Let x(u) be the second derivative of 0 + 9*u + 2/3*u**3 + 0*u**2. Determine x(-2).
-8
Let r(x) be the second derivative of 0*x**2 + 1/6*x**3 - 16*x + 0. Determine r(5).
5
Let r be 0 - 2/8*4. Let t be (-102)/(-17) + (-3)/r. Let v(u) = -2 + 14 - t + u. Calculate v(0).
3
Let l(g) = g**2 - 5*g - 4. Suppose -2*z - 15 = -7*z. Let m be (1/2)/(z/(-72)). Let c = -9 - m. What is l(c)?
-10
Suppose 0 = 4*z - 365 + 45. Let g be z/(-14) + (-20)/70. Let d(h) = -h - 2. Determine d(g).
4
Suppose -19*d + 23*d - 34 = -2*n, -3*d + 5*n - 7 = 0. Let r(v) = 2*v**2 - 10*v - 5. Determine r(d).
7
Let q(v) = -13*v**2 + 13. Let p(m) = 18*m**2 - 15. Let k(u) = -5*p(u) - 7*q(u). Suppose w + 30 = -4*w. Let d(r) = r**2 + 6*r. Let l be d(w). Give k(l).
-16
Let k(b) = -5*b**2 - 6*b + 1. Suppose 0 = c - 3*c - 3*j + 3, 0 = 3*c + 2*j + 3. Determine k(c).
-26
Let m(h) = h**3 - 12*h**2 + 7*h + 2. Let c(d) = -d + 2 + d**3 - 11*d**2 + 10*d - 2*d. Let j(t) = 5*c(t) - 4*m(t). Let p be 4 + (-1 - 2) + 5. Determine j(p).
8
Let x = -173 + 171. Let u(z) = 6*z + 5. Calculate u(x).
-7
Let c = 3 + -15. Let n(m) = 2*m + 22. Calculate n(c).
-2
Let z(k) = 31*k**3 + 2*k - 1. Let w be (-260)/(-140) + (-6)/7. Calculate z(w).
32
Let s(z) = -2*z**2 + 7*z. Let a be (2 + 222/(-21))/((-2)/14). Let f be (1 - 3)/((-24)/a). Calculate s(f).
-15
Let g(x) = -x + 4. Let q(b) = b - 4. Let j(a) = 6*g(a) + 5*q(a). Determine j(6).
-2
Let m(v) = v**3 - 4*v**2 - 7*v + 3. Let t be (4 - 3)/((-1)/81). Let r = -52 - t. Suppose 5*n + z = r, -2*n - 3*n - 4*z + 41 = 0. Give m(n).
-7
Let m(p) = -p**3 - 2*p**2 + 7*p + 4. Let b be m(-4). Suppose 2*f = -3*f + 3*u + b, -5*f - 2*u + 28 = 0. Let y(o) = -o - 2. Calculate y(f).
-6
Let r(c) be the third derivative of -c**6/120 - c**5/20 + c**4/12 + 5*c**3/6 + 3*c**2 + 55*c. Determine r(-4).
13
Let l(r) = r**3 + 4*r**2 + r + 5. Let d = -18 - -34. Let k(f) = f**2 - 19*f + 24. Let b be k(d). Let o = b + 20. Determine l(o).
1
Suppose 4*y - 2*p = 65 - 15, -2*y - 2*p = -22. Let b(l) = -l**3 + 13*l**2 - 12*l - 7. Calculate b(y).
-7
Let v(b) = -b**2 + 8*b - 4. Let t = 17 + -14. Suppose 2*p - y = 76 - t, y - 107 = -3*p. Let x = p + -28. Determine v(x).
-4
Let x = 565 + -13559/24. Let l(o) be the third derivative of x*o**4 + 0*o + 0 - 3*o**2 + 1/6*o**3. Calculate l(-7).
-6
Let b(t) = -2*t**2 - t - 2. Let r be 2 - (2 - 8/4). Let u(f) = 8 - r - 5*f - f**2 + 5 + 5. Let k be u(-7). Give b(k).
-12
Let x be 3/(-12) - (-9)/4. Let i(n) be the first derivative of -4*n**2 + 3*n + 11. Give i(x).
-13
Let z be ((-8)/(-80)*3)/18. Let v(h) be the third derivative of -1/3*h**3 - 8*h**2 + z*h**5 + 0*h + 0 - 1/3*h**4. Give v(7).
-9
Let h(v) = -3 - 16*v + 10*v + 3*v - 3*v**3 + 6*v + v**3 + 2*v**2. Determine h(2).
-5
Let r(a) = 4*a + 3. Let x(y) = -15*y - 10. Let t(h) = 7*r(h) + 2*x(h). Give t(4).
-7
Let i(v) = -v**3 + 4*v**2 + 4*v - 4. Let w be i(4). Suppose w*j - 8 = 14*j. Let p = 4 - j. Let z(k) = -k + 5. Calculate z(p).
-3
Suppose 0 = -20*g + 191 + 89. Let j(c) = c**3 - 15*c**2 + 14*c. Determine j(g).
0
Let o(a) be the third derivative of -a**4/8 + 5*a**3/2 + 119*a**2 + 2*a. Calculate o(-7).
36
Let a(w) = -2*w - 4. Let f = 229 - 235. Determine a(f).
8
Let k(s) be the second derivative of s**6/120 + s**4/24 + s**3/3 - 13*s**2/2 - 7*s + 1. Let p(a) be the first derivative of k(a). Determine p(-2).
-8
Let i(r) = 2*r - 10 - 10*r**2 + 18*r**2 + 425*r**3 - 426*r**3. What is i(8)?
6
Let r(f) be the third derivative of f**6/120 - 3*f**5/20 + 3*f**4/8 - 11*f**3/6 + 8*f**2 - 3. Determine r(8).
-3
Suppose h + 4*h = 20. Let y(m) = 4*m + 35 - 13*m**2 + 2*m**2 - 31 + 4*m**2 + 6*m**2. Calculate y(h).
4
Let i(q) = -q**2 - q - 9. Let l(m) = 7*m**2 + 7*m. Let f(k) = 4*k**2 + 4*k. Let r(z) = 5*f(z) - 3*l(z). Let d be r(-1). Suppose d = 10*b - 8*b. Give i(b).
-9
Let r(n) be the first derivative of 1 + 0*n + n**3 + 9/2*n**2 + 1/24*n**4. Let w(j) be the second derivative of r(j). Give w(0).
6
Let u(c) = -c**2 + 8*c + 1. Suppose 4*p = -f + 18, -5*p + 2*f + 4 = -12. What is u(p)?
17
Let r(i) = i**2 - i - 4. Suppose n - 5*q - 28 = -n, 10 = 2*n + 4*q. Suppose 0 = -y - z, -y - y = -3*z. Suppose 3*o - n = -y*o. Determine r(o).
2
Let m(a) = 2*a + 5. Let q be m(-2). Let v(j) = 14*j**3 + 2*j - 1. Let n be v(q). Let d(z) = 0 - n*z + 14*z - 1. Calculate d(-4).
3
Let d(w) = 1 - w**3 - 2*w + 0*w - 2*w**2 + 8*w - 7*w. Calculate d(-2).
3
Suppose 4*g + 0*g = 12. Let j(a) = -2*a**g + 6*a**3 - 4*a**3 + 2*a - 3 - 2*a**2 - a**3. Let m = 102 - 105. What is j(m)?
0
Let g(d) be the third derivative of -d**4/12 + d**3/2 - 130*d**2. What is g(-5)?
13
Let x(a) be the third derivative of 5*a**4/24 - a**3/3 - 19*a**2. Let r(k) = 21*k - 8. Let z(m) = 2*r(m) - 9*x(m). Calculate z(7).
-19
Let u(t) = 3*t - 184*t**2 + 183*t**2 + 4 + 4. Let a be u(4). Let c(y) = 0 + a*y + y**2 - 1 - 3*y**2. Determine c(3).
-7
Let x = -13 + -7. Let m = x + 18. Let b(v) = -v**3 + 3*v**2 + 2*v. Determine b(m).
16
Suppose 0*d + 3*d - 18 = 0. Let r(h) 